?
2, 3
What are the prime factors of -9 + 14 + 5*21?
2, 5, 11
Let p(b) = 40*b - 5. List the prime factors of p(3).
5, 23
Let f(x) = -x. Let y be f(-1). Let w(u) = -4*u**2 + u. Let d be w(y). What are the prime factors of -1 + 1 - (1 + d)?
2
Suppose -4*o = -i - 0*i - 786, -794 = -4*o + 5*i. What are the prime factors of o?
2, 7
Let y = -29 + 17. Let u(d) = -d**2 - 10*d - 2. Let t be u(-7). Let h = t + y. What are the prime factors of h?
7
List the prime factors of (4 + 2)*19 - 3.
3, 37
Let u = 4 + -4. Suppose -g + 0*g - 14 = u. Let m = g + 30. What are the prime factors of m?
2
Suppose 4*w - 2 = -3*i - 0*i, 4*i = -2*w - 14. Let u = i - -14. Let c = u - 6. List the prime factors of c.
2
Let b = 11 - 1. Let s(m) = -m + 0*m**3 - 10*m**2 + m**3 - 1 + 2*m + 0*m. What are the prime factors of s(b)?
3
Suppose 5 = 3*m + m - x, 0 = 2*m + 2*x + 10. Let t(u) = u + 2. List the prime factors of t(m).
2
Suppose 0 = -v - 3*v + 12. Suppose 0 = 7*w - v*w + z - 26, z + 2 = 0. List the prime factors of w.
7
Suppose 143 = -3*h + 632. List the prime factors of h.
163
List the prime factors of ((-48)/(-5))/(9/30).
2
Suppose 0 = 3*g + i - 5, i = -4*g + 4*i + 24. Let p(n) = n**2 - 2*n + 2. Let v be p(g). What are the prime factors of 2/((v/2)/5)?
2
Suppose 0 = -3*u + x + 396, 0 = 4*u - 2*x - 279 - 249. Suppose 0 = 2*k - 6*k + u. Suppose 16 = 5*w + c - 25, -4*w = c - k. List the prime factors of w.
2
Suppose 0 = -4*x + 2*z + 82, -5*z = 5*x - 72 - 68. Let b = x + -16. What are the prime factors of b?
7
Let p = 457 + -270. List the prime factors of p.
11, 17
Suppose 3*y + 6 = 0, y - 1 = 4*v + 9. Let l = 8 + v. What are the prime factors of l?
5
Suppose o + 5 = -2*j, 0*o + 5*o - 35 = 2*j. List the prime factors of (-134)/(-8) + j/(-20).
17
Let o(g) = -2*g**2 + 5*g - 2*g - 3 - g**2. Let u(p) = -p**2 + 2*p - 1. Let d(x) = -2*o(x) + 5*u(x). List the prime factors of d(-7).
2, 11
Suppose 4*m - 42 - 46 = 0. List the prime factors of m.
2, 11
Let m(d) = -d**2 - 11*d + 4. List the prime factors of m(-10).
2, 7
Suppose -97 + 33 = -t - 2*w, -3*t - w = -187. List the prime factors of t.
2, 31
List the prime factors of (-564)/(-8)*(12/(-9) - -2).
47
Suppose d - 87 = 30. Suppose -2*s + 3*y + 62 = 0, -6*y + d = 5*s - 4*y. List the prime factors of s.
5
Let q = -13 - -21. Suppose -j - q = -3*j. What are the prime factors of j?
2
Let b(r) = -r - 7. What are the prime factors of b(-12)?
5
Suppose -2*h - 5*k + 6 = 0, -h = 5*k - 2 + 4. Suppose -37 = -4*n - 3*x - h, x = -1. What are the prime factors of n?
2
Suppose -v = -0 - 4. Suppose 0 = z + 5, 5*z + 2 - 13 = v*p. What are the prime factors of 6/p*(0 + -15)?
2, 5
Let z(s) = 2*s**3 + 2*s**2 + 2*s + 3. Let v be z(-2). Let l be (18/(-15))/(v/120). Suppose 0 = 4*p - 52 + l. What are the prime factors of p?
3
Suppose 0 = 4*a - 11 - 1. Suppose -a*l = -l - 14. What are the prime factors of l?
7
Suppose 5*k = 6*k + 30. Let c = k - -53. What are the prime factors of c?
23
What are the prime factors of 2 - (-34 + 8/4)?
2, 17
Suppose b - 16 = -2*b - 2*d, b - 1 = -5*d. Let x(j) = -j**2 + 6*j + 6. Let t be x(b). Suppose -t = -2*u + 14. What are the prime factors of u?
2, 5
Suppose -32 = 5*v - 197. List the prime factors of v.
3, 11
Let g = -18 - -18. Suppose j = -0*j + 3*y + 38, g = 5*j - 3*y - 178. List the prime factors of j.
5, 7
Suppose -5*x + 4*i + 5 = -i, 3 = -2*x - 3*i. Suppose x = 2*u - 12 - 12. List the prime factors of u.
2, 3
Suppose -5*b + 3840 = 10*b. List the prime factors of b.
2
Let t(j) = -j + 2*j**3 + 1 + 0 - 2 + 4*j**3. Let h be t(-1). What are the prime factors of (0 - h)*(-24)/(-9)?
2
Let t = -4 + 7. Let v be (5/((-10)/48))/(-1). Suppose 0*w + v = t*w. List the prime factors of w.
2
Let d = 138 - 67. What are the prime factors of d?
71
Suppose 0 = 5*k - 2 - 23. Suppose 38 = 5*m - k*g - 27, -2*m = g - 20. Suppose 3*c = -r + 15 + m, 0 = 4*c + 4*r - 48. What are the prime factors of c?
7
Suppose -303 - 73 = -4*n. List the prime factors of n.
2, 47
Let t(n) = 6*n**2 - n + 2. Suppose 0*s + 3*r + 8 = -2*s, 2*r = -8. List the prime factors of t(s).
2, 3
Let s = 6 + -5. Let a(n) = -1 - 4*n + s. What are the prime factors of a(-3)?
2, 3
Suppose 0 = g + g - 194. What are the prime factors of g?
97
Let i = 5 - -29. What are the prime factors of i?
2, 17
Let z(u) = -u + 2. Let p = 11 - 8. Suppose 1 + 2 = p*y, 0 = -3*x - y + 1. List the prime factors of z(x).
2
Let r = 6 - 3. Let q(p) = 1 - 2*p**2 + r*p - 3 - 3*p**2 + 9*p**2 - p**3. What are the prime factors of q(4)?
2, 5
Let d = -380 - -565. List the prime factors of d.
5, 37
Let p(a) = 0*a - 4*a + 6*a. List the prime factors of p(1).
2
Let c(d) = 2*d**2 - 5*d + 8. List the prime factors of c(7).
71
Let j(z) = z**2 - 4*z + 4. What are the prime factors of j(5)?
3
Suppose 5*p + 17 = -n, 0 = -3*n + 4*p + 3 + 3. Let t = 5 + -2. What are the prime factors of t + 1 - (n + 0)?
2, 3
Let d(z) be the first derivative of 5/3*z**3 - z**2 - 1/4*z**4 + 2 + 2*z. What are the prime factors of d(2)?
2, 5
Let n = 2 - 1. Suppose -12 - n = -y. What are the prime factors of y?
13
What are the prime factors of 286/8 + 4/16?
2, 3
Let t(f) = -13*f - 2. Let n be t(-2). Let p = -13 + n. Suppose -2*c + 21 = -p. List the prime factors of c.
2
Suppose 2*m - 4*v - 86 = 0, 2*v + 88 = 2*m - 0*v. What are the prime factors of m?
3, 5
What are the prime factors of ((-420)/9)/(26/(-117))?
2, 3, 5, 7
Suppose 3*v + 0*v - 93 = 0. What are the prime factors of v?
31
Let u(j) = 6*j**2 + 10*j + 2. List the prime factors of u(-4).
2, 29
List the prime factors of ((-9)/4)/(3/(-128)).
2, 3
What are the prime factors of 4720/14 + -1*(-3)/(-21)?
337
Let k = -275 + 456. List the prime factors of k.
181
Let d(u) = -1 - 11*u**2 + 0 - 13 - 9 + u. Let z(g) = -5*g**2 + g - 11. Let w(l) = 4*d(l) - 9*z(l). List the prime factors of w(6).
13
Suppose 5*l + 83 = 2*g, -2*g + 174 - 61 = l. List the prime factors of g.
2, 3
Suppose -3*k = -4*i - 8 - 0, -3*k = 0. Let t be (5/i)/(1/(-2)). Suppose -8 - 57 = -t*f. List the prime factors of f.
13
Let r = 41 - 21. List the prime factors of r.
2, 5
Suppose -4*l - 5*s + 67 + 33 = 0, -2*s + 142 = 5*l. What are the prime factors of l?
2, 3, 5
Let l(j) = -j**3 - 4*j**2 + 3*j - 7. Let h be l(-5). Suppose -2*z = h*r - 52, 3*r - 5*z = 4*r - 39. List the prime factors of r.
2, 7
Let l(t) = -t + 7. Let j be l(-8). Suppose 5*w = 15 + j. Suppose -a - w = -4*a. List the prime factors of a.
2
Suppose 0*b = -5*b + 45. Let f be 8/(-4)*(-1 - 0). Suppose -f*g + 1 = -b. What are the prime factors of g?
5
Suppose -12*i - 93 = -357. What are the prime factors of i?
2, 11
Let s = -25 + 45. Let a = s + 0. What are the prime factors of a?
2, 5
Let d = 202 - -120. What are the prime factors of d?
2, 7, 23
Let b(y) be the third derivative of y**4/8 - 5*y**3/6 + 3*y**2. List the prime factors of b(8).
19
Let z = -6 - -11. Suppose 2*m - z = 5. List the prime factors of ((-6)/15)/((-1)/m).
2
Let i = 11 - 8. What are the prime factors of i?
3
Let n = 6 + -9. List the prime factors of (1 - n - 1) + 18.
3, 7
What are the prime factors of (-160)/(-2) - 1/(5/15)?
7, 11
Let g(q) = 3*q**2 + 7*q - 8. List the prime factors of g(4).
2, 17
Let t(r) = r**3 - 12*r**2 + 4*r - 8. List the prime factors of t(12).
2, 5
Suppose 5*z - 97 = 33. What are the prime factors of z?
2, 13
Suppose -2*z + 6 = -5*x - 6, 3*z - x = 44. What are the prime factors of z?
2
Suppose -6*w + 3*w - 2*u + 6 = 0, 5*u = 4*w + 15. Suppose 5*r - 30 - 10 = w. List the prime factors of r.
2
Let f(o) = o + 10. Suppose 37 = -5*t + 2. List the prime factors of f(t).
3
Let v(y) = -3*y**3 + 18*y**2 + 11*y - 1. Let k(d) = -d**3 + 6*d**2 + 4*d. Let h(b) = 11*k(b) - 4*v(b). List the prime factors of h(6).
2
List the prime factors of ((-48)/(-120))/((-2)/(-410)).
2, 41
Suppose -29 = -5*n + 2*j - 4*j, 0 = 5*n + 4*j - 33. What are the prime factors of ((-9)/(-15) - 0)*n?
3
Suppose 3 + 10 = 4*o - s, 4*s - 8 = o. Suppose 5*a + o*h = 2, h + 0*h - 6 = -4*a. What are the prime factors of a?
2
Suppose -4*z + 36 = 4*x - 0*z, -3*x = z - 35. Let f = -18 + x. Let g = f - -15. List the prime factors of g.
2, 5
Let p be ((-6)/(-8))/((-7)/(-168)). List the prime factors of (3/(-9))/((-1)/p).
2, 3
Suppose 1 = -h + 3, -4*c + 4*h - 4 = 0. Let b(g) = 24*g. Let w be b(c). List the prime factors of (w